s divided by 16?
14
Calculate the remainder when 11 is divided by 1/(-2)*(-33 - -19).
4
Suppose g - 30 = 5*b, b - 3 = -2*g + 2. Suppose -m + 2*a = 0, 0 = 4*m - g*m + 3*a - 1. Calculate the remainder when 1 is divided by m*(1/(-2) + 1).
0
Suppose d - 7 = 5*u + 3, 2*u - 104 = -5*d. Suppose -c - 4*c + 35 = 0. Calculate the remainder when d is divided by c.
6
Suppose 75 = 3*y - 18. Suppose -2*b + 3*u + 26 = -u, 5*b + 4*u = 51. What is the remainder when y is divided by b?
9
Suppose 4*c = 4, 4*g - 5*c + 54 = 157. Calculate the remainder when g is divided by 2/(-4) + 93/6.
12
Suppose 2 + 2 = 2*f. Suppose 14 + 6 = 5*t. Suppose 5*v + 10 = 0, 0 = t*r + r - 4*v - 18. Calculate the remainder when r is divided by f.
0
Let s be (-1 + -5)/2*-1. Suppose -5 = -4*b + s*b. What is the remainder when (2/3)/((-2)/(-42)) is divided by b?
4
Let k = -53 - -81. What is the remainder when 51 is divided by k?
23
Let g = 24 + -24. Let c(i) be the second derivative of -i**3/6 + 7*i**2 - i. What is the remainder when c(g) is divided by 5?
4
Suppose 0 = u + 4*r - 4, 5*r - 22 = 2*u + 3*r. Calculate the remainder when 5 is divided by (-18)/u - 1/4.
1
Let x(s) = -s + 5. Let o be x(5). Suppose 5*u + 4*h - 27 = o, -2*u + 3*u = -2*h + 3. What is the remainder when 20 is divided by u?
6
Let j = -3 + 4. Let h be 1 + j + 4/(-2). Suppose -6*g + 2*g + 40 = h. Calculate the remainder when 28 is divided by g.
8
Let f(s) = -1 + 1 + 1 - 2*s - 3*s**3 - 4*s**3. Calculate the remainder when f(-2) is divided by 21.
19
Let c(l) = 13*l - 9. Calculate the remainder when c(3) is divided by 16.
14
Suppose -5*v + v = -16. Suppose -2*h = 0, 4*d = -v*h + 65 - 9. What is the remainder when d is divided by ((-3)/(-1))/((-3)/(-8))?
6
Calculate the remainder when 128/6*6/4 is divided by 11.
10
Let u be (-1 - -2 - 1)/(-1). Suppose u = 4*w - 58 - 14. Suppose 0 = 4*i - 49 + 9. Calculate the remainder when w is divided by i.
8
Let i(o) = 17*o. Suppose c - 2*t - 22 = 0, -2*c = -6*c - 5*t + 62. Calculate the remainder when i(3) is divided by c.
15
Let i = 87 + -73. Let w(a) = -a**3 - 6*a**2 + 7*a + 3. Let h be w(-7). Suppose -12 = 4*b, h*b - 27 = -u + 19. What is the remainder when u is divided by i?
13
Suppose -4*c - 84 = -10*c. Calculate the remainder when c is divided by 8.
6
Suppose 4*j - 17 + 1 = 0, -2*a - j = -8. Let o = 6 - 6. Suppose o*h + 4*h - 4 = 0. What is the remainder when a is divided by h?
0
Let f(h) = h + 9. What is the remainder when 43 is divided by f(0)?
7
Suppose -3*w = w - 8. Let j = w - -7. Calculate the remainder when 35 is divided by j.
8
Calculate the remainder when 83 - (-9 - -4)/5 is divided by 17.
16
Let n(i) = -i**2 + 4*i - 5. Let o be n(2). What is the remainder when (-1 + 0)*-35 + o is divided by 18?
16
Let l = 9 - 5. Let z be 3/l - 2/(-8). Suppose -4*c = z - 45. What is the remainder when 20 is divided by c?
9
Let z = 233 - 119. Calculate the remainder when z is divided by 29.
27
Suppose -9 = -4*c - 29. Calculate the remainder when 2 + 0/(c + 3) is divided by 1.
0
Let w(a) be the third derivative of -3*a**4/8 - 3*a**2. Let l be w(2). What is the remainder when 6 is divided by l/(-15)*30/9?
2
Suppose -2*n - 3*o + 30 = -n, -2*o + 8 = 0. Suppose -5*g = -7*g - 10. Let m = 0 - g. What is the remainder when n is divided by m?
3
Suppose -3*a = -2*a + 4. What is the remainder when a/14 + 177/7 is divided by 13?
12
Suppose h - 8 - 4 = 0. Let q = 51 - 17. What is the remainder when q is divided by h?
10
Let x = -12 + 19. Suppose 0*u + 5*u - s - 25 = 0, 3*s + 11 = -u. Calculate the remainder when x is divided by u.
3
Suppose n - 4*t = 0, -10*n + 6*n = -3*t - 13. What is the remainder when ((-6)/9)/(2/(-39)) is divided by n?
1
Let o = 115 + -98. Calculate the remainder when 135 is divided by o.
16
Let i(q) = -4 + 3 + 3*q**2 - 7*q**3 - q**2 - q**2. Let u(h) = -h**3 - 6*h**2 - 5*h - 1. Let p be u(-5). Calculate the remainder when i(p) is divided by 2.
1
Let h = -63 - -74. What is the remainder when 43 is divided by h?
10
Suppose 4*b + 6 = b. Let t = 1 - b. Calculate the remainder when 0/(-2) + 9/t is divided by 3.
0
Suppose 35 = -v + 6*v. Let h(m) = 5*m**2 + m - 2*m**2 + 1 - m. Calculate the remainder when v is divided by h(1).
3
Suppose 5*o = -0*o - 30. Let r(y) = y + 3. Let q be r(o). Let a(u) = -u**2 - 6*u + 1. What is the remainder when 28 is divided by a(q)?
8
Let s(h) = h**3 - 14*h. Calculate the remainder when 53 is divided by s(4).
5
Let s = 20 - -33. What is the remainder when s is divided by 18?
17
Let o(d) = 2*d**2 + 2*d - 12. What is the remainder when 70 is divided by o(4)?
14
Suppose 2*w - 23 = 1. Suppose 4*d - 2*r - 2*r = 0, r = -2*d + 15. Calculate the remainder when w is divided by d.
2
Suppose 17 = 13*k - 12*k. Calculate the remainder when k is divided by 9.
8
Let s = -16 - -21. Suppose 3*p + 15 = 0, 2*d = 3*p - s + 44. What is the remainder when 22 is divided by d?
10
Suppose 2*j + 3*j = -4*p + 96, 4*j - 83 = 3*p. Calculate the remainder when 35 is divided by j.
15
Calculate the remainder when 38 is divided by (-26 - 0)*3/(-6) - 0.
12
What is the remainder when 82 is divided by (-2)/8 - 234/(-8)?
24
Suppose 2*h + w + 11 = 0, 0 = -0*h + 2*h + 3*w + 21. Let l = h - -9. Let i(r) = r**3 - 7*r**2 + 9*r - 8. What is the remainder when i(l) is divided by 6?
4
Let q = 8 + -2. Suppose 2*w - 2 = w. What is the remainder when q is divided by w?
0
Let w(s) = -s**2 + 9*s - 7. Let z = 21 - 15. Calculate the remainder when 30 is divided by w(z).
8
Suppose -2*r - 10 = 0, 0 = -4*u - 2*r + 2. Suppose -4*j = 2*d - 78, -6 = -2*d - 0*d. Calculate the remainder when j is divided by (u*-1)/((-9)/30).
8
Let a be 4*(3 - 18)*-1. Suppose 14 = 4*o - 6, 0 = 5*h + o - a. What is the remainder when 31 is divided by h?
9
Let l = 0 + 0. Suppose 3*k + k - 12 = l. Let p = 4 - k. What is the remainder when 1 is divided by p?
0
Let n(r) = -6*r - 16. Calculate the remainder when n(-9) is divided by 21.
17
Let g(k) = -2*k**2 - 10*k - 10. Let j be g(-7). Let o = -3 - j. Let a(x) = 2*x**3 - 3*x**2 - 2*x - 3. Calculate the remainder when o is divided by a(3).
17
Let t = 4 - -4. Let q = 105 + -75. Calculate the remainder when q is divided by t.
6
Let n(c) = c**3 - 6*c**2 + 2*c + 3. Let b(m) = -m + 6. Let a be b(0). What is the remainder when n(a) is divided by 8?
7
Let c(y) = 3*y**2 - 8*y + 18. What is the remainder when c(7) is divided by 37?
35
Let a be (-1 + 2)*(1 - -18). Suppose a = 2*m - 5. Let b = 80 - 57. Calculate the remainder when b is divided by m.
11
Let r = 0 - 6. Calculate the remainder when (-1)/r + (-95)/(-6) is divided by 9.
7
Let q = 500 + -260. Calculate the remainder when q is divided by 27.
24
Suppose b - 132 = 4*b. Let l = b + 75. Suppose 0 = -7*j + 126 - 49. Calculate the remainder when l is divided by j.
9
Suppose -3*j + 21 = 3*g, 2*j + 0*g + 4*g = 18. What is the remainder when 22 is divided by j?
2
Let n(b) = -b**2 + 2*b. Let k be n(1). Let s(l) = 58*l**3 + l**2 - l. Calculate the remainder when s(k) is divided by 15.
13
Calculate the remainder when (156/(-10))/((-9)/30) is divided by 18.
16
Let d = 10 - 0. What is the remainder when 21/(3/4 + 0) is divided by d?
8
Let c(l) = -2*l - 8. What is the remainder when 96/4 - 4/(-2) is divided by c(-11)?
12
Suppose 0 = 5*d + c - 88, -d + 16 + 0 = c. Calculate the remainder when 61 is divided by d.
7
Let h(s) = -s - 22. Calculate the remainder when (-4)/10 - (-137)/5 is divided by h(-29).
6
Let c = 76 - 19. Suppose -7*m = 4*m - 165. Calculate the remainder when c is divided by m.
12
Let b(o) = -o**3 - 5*o**2 - 5*o + 1. Calculate the remainder when b(-5) is divided by 7.
5
Calculate the remainder when (-2)/(-1)*(9 + 1) is divided by 8.
4
What is the remainder when 2 - 0 - -1*17 is divided by 7?
5
Let j = 38 + -22. What is the remainder when 46 is divided by j?
14
Let d = -11 + 11. Suppose d = -0*s + 5*s - 220. Calculate the remainder when s is divided by 23.
21
Let v(z) = 3*z**3 + 2*z**2 - 4*z + 2. Let j be v(2). Let q = j + 38. Calculate the remainder when q is divided by 22.
20
Let f(i) = i + 15. Let l be f(0). Suppose l = 4*n - 5. Suppose -10 + 0 = -n*b. Calculate the remainder when b is divided by 1.
0
Let g(b) = 2*b + 2. Let v be g(-2). Suppose -4*w = -29 - 123. Let i = v + w. What is the remainder when i is divided by 13?
10
Let q(k) = 